
List the prime factors of 299321.
11, 27211
List the prime factors of 502202.
2, 293, 857
What are the prime factors of 34340329?
37, 41, 22637
What are the prime factors of 261864?
2, 3, 3637
List the prime factors of 235111.
235111
What are the prime factors of 25316101?
29, 353, 2473
What are the prime factors of 11054880?
2, 3, 5, 853
What are the prime factors of 2910407?
397, 7331
What are the prime factors of 3150586?
2, 23, 68491
What are the prime factors of 2381580?
2, 3, 5, 101, 131
List the prime factors of 602824.
2, 75353
List the prime factors of 966339.
3, 11, 43, 227
List the prime factors of 101357.
79, 1283
List the prime factors of 2611997.
2611997
What are the prime factors of 507596?
2, 113, 1123
List the prime factors of 5077162.
2, 191, 13291
What are the prime factors of 2379116?
2, 17, 59, 593
What are the prime factors of 740642?
2, 7, 52903
List the prime factors of 707684.
2, 176921
What are the prime factors of 359284?
2, 89821
List the prime factors of 44045334.
2, 3, 17, 8467
What are the prime factors of 935389?
7, 13, 19, 541
List the prime factors of 376799.
47, 8017
List the prime factors of 555080.
2, 5, 13877
List the prime factors of 2474635.
5, 494927
List the prime factors of 247015.
5, 127, 389
What are the prime factors of 320870?
2, 5, 11, 2917
What are the prime factors of 8905111?
8905111
List the prime factors of 72461.
72461
List the prime factors of 13025.
5, 521
List the prime factors of 9219554.
2, 379, 12163
List the prime factors of 1259986.
2, 7, 13, 23, 43
List the prime factors of 459239.
11, 83, 503
What are the prime factors of 4630381?
7, 661483
List the prime factors of 239282.
2, 181, 661
What are the prime factors of 1153282?
2, 13, 44357
List the prime factors of 2306738.
2, 7, 164767
List the prime factors of 733204.
2, 183301
What are the prime factors of 648066?
2, 3, 108011
What are the prime factors of 230706?
2, 3, 7, 1831
What are the prime factors of 530142?
2, 3, 149, 593
What are the prime factors of 28642425?
3, 5, 7, 89, 613
List the prime factors of 13379990.
2, 5, 13, 19, 5417
What are the prime factors of 1450499?
1450499
What are the prime factors of 894076?
2, 83, 2693
List the prime factors of 5236190.
2, 5, 593, 883
List the prime factors of 3552515.
5, 710503
List the prime factors of 10226088.
2, 3, 43, 367
What are the prime factors of 15663?
3, 23, 227
What are the prime factors of 3545360?
2, 5, 7, 13, 487
List the prime factors of 424.
2, 53
What are the prime factors of 342883?
41, 8363
List the prime factors of 56909.
56909
What are the prime factors of 447736?
2, 55967
What are the prime factors of 1558309?
1558309
List the prime factors of 4191137.
4191137
What are the prime factors of 5924547?
3, 23, 28621
List the prime factors of 334958.
2, 13, 991
List the prime factors of 211343.
11, 19213
List the prime factors of 270886.
2, 7, 11, 1759
List the prime factors of 5674629.
3, 23, 82241
List the prime factors of 15653661.
3, 5217887
List the prime factors of 8929634.
2, 7, 637831
List the prime factors of 8607589.
19, 23, 19697
List the prime factors of 295557.
3, 98519
List the prime factors of 290837.
290837
List the prime factors of 120718.
2, 13, 4643
List the prime factors of 72039.
3, 11, 37, 59
What are the prime factors of 5495?
5, 7, 157
What are the prime factors of 843952?
2, 52747
What are the prime factors of 259357?
7, 67, 79
What are the prime factors of 2198127?
3, 732709
What are the prime factors of 10626421?
13, 41, 19937
What are the prime factors of 3576131?
13, 275087
What are the prime factors of 2078149?
2078149
List the prime factors of 182258.
2, 91129
List the prime factors of 90442.
2, 11, 4111
List the prime factors of 101125.
5, 809
List the prime factors of 728428.
2, 182107
List the prime factors of 543895.
5, 11, 29, 31
List the prime factors of 6359064.
2, 3, 264961
List the prime factors of 787495.
5, 29, 5431
What are the prime factors of 9203974?
2, 13, 79, 4481
What are the prime factors of 221867?
17, 31, 421
What are the prime factors of 377030?
2, 5, 37, 1019
What are the prime factors of 261792?
2, 3, 101
List the prime factors of 775886.
2, 227, 1709
What are the prime factors of 872971?
11, 61, 1301
What are the prime factors of 1465360?
2, 5, 13, 1409
What are the prime factors of 2057897?
2057897
List the prime factors of 184290.
2, 3, 5, 6143
List the prime factors of 596525.
5, 107, 223
What are the prime factors of 23336965?
5, 4667393
List the prime factors of 3093673.
11, 281243
List the prime factors of 313493.
67, 4679
List the prime factors of 178835.
5, 47, 761
What are the prime factors of 13525361?
13525361
List the prime factors of 1116613.
227, 4919
List the prime factors of 1127729.
17, 66337
What are the prime factors of 145716?
2, 3, 12143
List the prime factors of 497861.
7, 13, 5471
List the prime factors of 179826.
2, 3, 17, 41, 43
What are the prime factors of 3605480?
2, 5, 23, 3919
What are the prime factors of 741490?
2, 5, 74149
List the prime factors of 1853301.
3, 617767
List the prime factors of 38723738.
2, 3539, 5471
List the prime factors of 38064.
2, 3, 13, 61
What are the prime factors of 6185247?
3, 47, 43867
List the prime factors of 290387.
53, 5479
List the prime factors of 11078073.
3, 410299
List the prime factors of 976727.
976727
List the prime factors of 509991.
3, 139, 1223
List the prime factors of 1469742.
2, 3, 244957
What are the prime factors of 1970279?
1970279
What are the prime factors of 739333?
7, 105619
List the prime factors of 9256853.
131, 70663
What are the prime factors of 7009158?
2, 3, 13, 23, 3907
What are the prime factors of 341858?
2, 11, 41, 379
List the prime factors of 137623.
137623
List the prime factors of 326914.
2, 7, 19, 1229
What are the prime factors of 92648?
2, 37, 313
List the prime factors of 1184104.
2, 148013
What are the prime factors of 2284411?
929, 2459
What are the prime factors of 205398?
2, 3, 11411
List the prime factors of 6241197.
3, 37, 59, 953
List the prime factors of 2536076.
2, 257, 2467
List the prime factors of 27994.
2, 13997
List the prime factors of 2543955.
3, 5, 181, 937
List the prime factors of 191327.
37, 5171
What are the prime factors of 12508113?
3, 23, 181277
List the prime factors of 22953122.
2, 11476561
List the prime factors of 3259113.
3, 11, 13, 71, 107
List the prime factors of 1061693.
193, 5501
List the prime factors of 582328.
2, 83, 877
List the prime factors of 5125936.
2, 229, 1399
What are the prime factors of 572858?
2, 11, 13, 2003
List the prime factors of 1254530.
2, 5, 125453
List the prime factors of 555510.
2, 3, 5, 18517
List the prime factors of 68596.
2, 11, 1559
What are the prime factors of 21030295?
5, 11, 13, 67, 439
List the prime factors of 12362645.
5, 31, 47, 1697
List the prime factors of 5932499.
5932499
What are the prime factors of 2109156?
2, 3, 7, 17, 211
What are the prime factors of 545427?
3, 20201
List the prime factors of 175227.
3, 13, 4493
What are the prime factors of 2284407?
3, 253823
What are the prime factors of 3855935?
5, 31, 24877
What are the prime factors of 115288?
2, 14411
What are the prime factors of 14012697?
3, 313, 14923
What are the prime factors of 37603?
31, 1213
What are the prime factors of 2564091?
3, 284899
What are the prime factors of 1201736?
2, 150217
What are the prime factors of 104930?
2, 5, 7, 1499
List the prime factors of 11275720.
2, 5, 281893
List the prime factors of 4127206.
2, 2063603
List the prime factors of 116626.
2, 58313
List the prime factors of 51699.
3, 19, 907
List the prime factors of 20159162.
2, 2503, 4027
List the prime factors of 1183517.
857, 1381
What are the prime factors of 110932?
2, 27733
List the prime factors of 18475.
5, 739
What are the prime factors of 3088597?
239, 12923
What are the prime factors of 6055887?
3, 2018629
List the prime factors of 18412360.
2, 5, 17, 27077
List the prime factors of 435451.
435451
What are the prime factors of 9912?
2, 3, 7, 59
List the prime factors of 1741459.
1741459
List the prime factors of 50819.
89, 571
List the prime factors of 9223193.
7, 1317599
List the prime factors of 2503840.
2, 5, 15649
List the prime factors of 10323369.
3, 7, 17
List t